ands digit of 9864852?
8
What is the units digit of 1227341?
1
What is the ten thousands digit of 228027?
2
What is the ten thousands digit of 692465?
9
What is the units digit of 359334?
4
What is the thousands digit of 467891?
7
What is the millions digit of 4242798?
4
What is the thousands digit of 23761273?
1
What is the thousands digit of 691808?
1
What is the ten millions digit of 36671375?
3
What is the units digit of 933705?
5
What is the hundreds digit of 10168?
1
What is the ten thousands digit of 841596?
4
What is the thousands digit of 517461?
7
What is the hundreds digit of 407729?
7
What is the hundred thousands digit of 26608268?
6
What is the hundred thousands digit of 1669073?
6
What is the units digit of 1190316?
6
What is the hundred thousands digit of 11321667?
3
What is the tens digit of 3109441?
4
What is the tens digit of 1429179?
7
What is the hundreds digit of 246221?
2
What is the units digit of 29956?
6
What is the units digit of 43678?
8
What is the thousands digit of 366049?
6
What is the hundreds digit of 10114631?
6
What is the hundreds digit of 919?
9
What is the ten thousands digit of 546373?
4
What is the tens digit of 1306734?
3
What is the ten millions digit of 24873904?
2
What is the ten thousands digit of 893803?
9
What is the thousands digit of 23053?
3
What is the hundreds digit of 1374392?
3
What is the hundreds digit of 4909402?
4
What is the thousands digit of 2731733?
1
What is the tens digit of 2149131?
3
What is the ten thousands digit of 843820?
4
What is the hundreds digit of 171590?
5
What is the hundreds digit of 789860?
8
What is the hundreds digit of 246750?
7
What is the tens digit of 260240?
4
What is the hundreds digit of 1911649?
6
What is the units digit of 1509953?
3
What is the ten thousands digit of 2596461?
9
What is the millions digit of 4923711?
4
What is the units digit of 262187?
7
What is the millions digit of 2990853?
2
What is the hundreds digit of 395185?
1
What is the thousands digit of 925543?
5
What is the hundreds digit of 11789021?
0
What is the thousands digit of 1455448?
5
What is the units digit of 165365?
5
What is the thousands digit of 1025624?
5
What is the hundred thousands digit of 4514810?
5
What is the hundred thousands digit of 455197?
4
What is the units digit of 98612?
2
What is the hundred thousands digit of 2769146?
7
What is the units digit of 320342?
2
What is the hundred thousands digit of 10286599?
2
What is the ten thousands digit of 420254?
2
What is the hundreds digit of 30758?
7
What is the tens digit of 1789202?
0
What is the tens digit of 225392?
9
What is the millions digit of 2367439?
2
What is the hundred thousands digit of 400492?
4
What is the ten thousands digit of 982372?
8
What is the tens digit of 2375867?
6
What is the ten thousands digit of 7755036?
5
What is the thousands digit of 27861162?
1
What is the thousands digit of 384134?
4
What is the tens digit of 192162?
6
What is the hundred thousands digit of 931639?
9
What is the thousands digit of 47631?
7
What is the hundred thousands digit of 2648313?
6
What is the units digit of 1216607?
7
What is the ten thousands digit of 725471?
2
What is the tens digit of 394797?
9
What is the tens digit of 207062?
6
What is the hundreds digit of 22072047?
0
What is the thousands digit of 1506973?
6
What is the ten millions digit of 11747473?
1
What is the units digit of 3032512?
2
What is the thousands digit of 3638039?
8
What is the thousands digit of 2145185?
5
What is the hundreds digit of 21027?
0
What is the millions digit of 1385820?
1
What is the thousands digit of 8830235?
0
What is the hundreds digit of 53442?
4
What is the tens digit of 164360?
6
What is the thousands digit of 14839504?
9
What is the millions digit of 19508361?
9
What is the hundreds digit of 877907?
9
What is the hundreds digit of 41261?
2
What is the units digit of 281134?
4
What is the units digit of 156029?
9
What is the ten thousands digit of 8578373?
7
What is the ten thousands digit of 1391360?
9
What is the hundred thousands digit of 296782?
2
What is the thousands digit of 563909?
3
What is the ten thousands digit of 5151158?
5
What is the units digit of 15038352?
2
What is the tens digit of 140307?
0
What is the hundreds digit of 2677862?
8
What is the hundred thousands digit of 933416?
9
What is the ten thousands digit of 154733?
5
What is the ten thousands digit of 12777641?
7
What is the hundreds digit of 4830572?
5
What is the hundred thousands digit of 2526239?
5
What is the units digit of 313166?
6
What is the tens digit of 9136485?
8
What is the thousands digit of 781445?
1
What is the ten thousands digit of 99253?
9
What is the hundred thousands digit of 5718145?
7
What is the hundreds digit of 9737772?
7
What is the hundred thousands digit of 313055?
3
What is the hundreds digit of 902200?
2
What is the millions digit of 8616239?
8
What is the ten thousands digit of 5666948?
6
What is the tens digit of 2790250?
5
What is the thousands digit of 779555?
9
What is the hundreds digit of 678385?
3
What is the hundreds digit of 885442?
4
What is the thousands digit of 1291091?
1
What is the hundreds digit of 2588927?
9
What is the hundreds digit of 284546?
5
What is the millions digit of 2366691?
2
What is the ten thousands digit of 497330?
9
What is the hundreds digit of 1142680?
6
What is the hundreds digit of 777354?
3
What is the hundred thousands digit of 11248368?
2
What is the hundreds digit of 5031?
0
What is the thousands digit of 426192?
6
What is the units digit of 1380?
0
What is the tens digit of 11434265?
6
What is the thousands digit of 5905115?
5
What is the millions digit of 1015384?
1
What is the units digit of 200705?
5
What is the units digit of 6521560?
0
What is the millions digit of 8461567?
8
What is the thousands digit of 408055?
8
What is the hundreds digit of 8201617?
6
What is the millions digit of 2232861?
2
What is the tens digit of 794430?
3
What is the ten thousands digit of 3254919?
5
What is the units digit of 2467424?
4
What is the thousands digit of 9119551?
9
What is the tens digit of 689290?
9
What is the tens digit of 12045248?
4
What is the ten thousands digit of 232661?
3
What is the hundred thousands digit of 1552715?
5
What is the thousands digit of 663827?
3
What is the thousands digit of 30126733?
6
What is the hundreds digit of 108187?
1
What is the units digit of 1082200?
0
What is the units digit of 3192425?
5
What is the tens digit of 5964?
6
What is the thousands digit of 305336?
5
What is the hundred thousands digit of 277881?
2
What is the thousands digit of 13579503?
9
What is the tens digit of 239748?
4
What is the thousands digit of 7404764?
4
What is the ten thousands digit of 652373?
5
What is the units digit of 190965?
5
What is the thousands digit of 302569?
2
What is the hundred thousands digit of 2668756?
6
What is the hundreds digit of 23265569?
5
What is the hundreds digit of 7585134?
1
What is the millions digit of 2953777?
2
What is the units digit of 154357?
7
What is the units digit of 4177693?
3
What is the tens digit of 117693?
9
What is the tens digit of 13441112?
1
What is the millions digit of 1544450?
1
What is the hundreds digit of 10056707?
7
What is the units digit of 730368?
8
What is the ten thousands digit of 3452876?
5
What is the units digit of 100749?
9
What is the units digit of 5097233?
3
What is the tens digit of 4776474?
7
What is the tens digit of 1102181?
8
What is the hundred thousands digit of 1859408?
8
What is the millions digit of 2087957?
2
What is the tens digit of 1840087?
8
What is the hundreds digit of 581393?
3
What is the units digit of 656029?
9
What is the thousands digit of 28733030?
3
What is the thousands digit of 18721937?
1
What is the hundreds digit of 6586?
5
What is the hundred thousands digit of 10001300?
0
What is the millions digit of 10928367?
0
What is the tens digit of 1004489?
8
What is the hundreds digit of 134641?
6
What is the units digit of 236056?
6
What is the hundred thousands digit of 1744876?
7
What is the tens digit of 312444?
4
What is the thousands digit of 174798?
4
What is the units digit of 7678631?
1
What is the tens digit of 66213?
1
What is the ten thousands digit of